 11
-6963
Convert 12002232301 (base 4) to base 10.
1584049
117253 (base 9) to base 10
70923
1024400 (base 5) to base 4
10101003
1176834 (base 9) to base 14
129ab4
What is -3032032220 (base 5) in base 10?
-6127185
Convert -42602666 (base 7) to base 9.
-6744232
What is -212122010000 (base 3) in base 7?
-3645135
45512150 (base 6) to base 2
101010100010000100010
What is 1152400 (base 6) in base 3?
10010100100
Convert 1110111110010000011 (base 2) to base 6.
14303231
What is 1001011101110000010110 (base 2) in base 10?
2481174
1221243210 (base 5) to base 15
3c8c70
-10330211211 (base 4) to base 12
-526519
What is 1010212112100020 (base 3) in base 13?
3525834
-651526 (base 7) to base 12
-557a7
42a35 (base 11) to base 12
301a2
-150a3 (base 16) to base 4
-111002203
What is 1446403 (base 7) in base 15?
3d45d
19cb23 (base 13) to base 3
1020100200022
Convert -204972 (base 10) to base 3.
-101102011120
Convert -77a2 (base 13) to base 5.
-1013234
38ae5 (base 15) to base 11
114275
What is 2b553 (base 14) in base 11?
74215
Convert 100010001110100110010 (base 2) to base 5.
241342321
Convert 33d92 (base 14) to base 9.
212043
Convert 59914 (base 12) to base 9.
203317
Convert 120118 (base 9) to base 3.
10200010122
Convert 3182494 (base 10) to base 16.
308f9e
-1333320 (base 6) to base 4
-102032100
Convert -63aa3 (base 11) to base 10.
-93162
Convert 101227 (base 8) to base 6.
414435
What is 101020020102 (base 3) in base 11?
128330
What is 296546 (base 12) in base 7?
5624331
81985 (base 15) to base 10
410525
What is 2170039 (base 11) in base 2?
1110100001010111101110
Convert 121203200 (base 4) to base 6.
2124332
3465458 (base 9) to base 7
21633200
Convert -10e6b0 (base 16) to base 5.
-240421012
5310004 (base 7) to base 14
1298ab
Convert 1b401 (base 16) to base 10.
111617
Convert 26119 (base 14) to base 16.
16d4b
Convert 560a (base 16) to base 15.
67d6
What is -f9bcc (base 16) in base 4?
-3321233030
Convert 3935310 (base 12) to base 14.
16d4976
What is -482125 (base 9) in base 8?
-1066706
-8041351 (base 9) to base 15
-597bca
Convert 116301 (base 8) to base 11.
28171
Convert 2020231344 (base 5) to base 6.
223130305
Convert -13454656 (base 8) to base 7.
-34551006
What is 438176 (base 9) in base 8?
777345
-2651a (base 16) to base 8
-462432
Convert 1011001111111100001 (base 2) to base 15.
7433e
2230325 (base 7) to base 12
113a75
Convert 33483331 (base 9) to base 8.
75733604
Convert -11031302122 (base 4) to base 13.
-38b3ba
3211303332 (base 4) to base 14
1a7086
Convert -64765 (base 11) to base 9.
-153052
What is 15335 (base 16) in base 10?
86837
100022122 (base 4) to base 9
110727
210031323030 (base 4) to base 7
143461641
What is -110100001011000011100 (base 2) in base 8?
-6413034
What is 10010000110001000 (base 2) in base 5?
4332440
What is 323003013 (base 4) in base 16?
3b0c7
Convert -1232330 (base 8) to base 7.
-2620530
Convert 56073 (base 8) to base 13.
a993
-154830 (base 13) to base 5
-113234102
35322 (base 9) to base 5
1223331
Convert -511a1 (base 16) to base 12.
-1402a9
31265466 (base 7) to base 6
132314053
What is -11241432 (base 6) in base 2?
-1010100111000111100
Convert 13531423 (base 6) to base 8.
1610307
100011111000100110110101 (base 2) to base 5
4402010101
-b03b2 (base 12) to base 7
-1641440
-1404144012 (base 5) to base 14
-694305
-3b9d2 (base 14) to base 2
-100011111110110100
What is 123a12a (base 13) in base 5?
2423133003
427702 (base 8) to base 10
143298
What is 1011101102012 (base 3) in base 6?
21124005
-3a683 (base 14) to base 11
-991a0
What is -1351005 (base 11) in base 5?
-1044014010
110011011010111 (base 2) to base 11
18864
Convert -2543787 (base 11) to base 13.
-bb61a1
Convert 1011221100 (base 3) to base 6.
255443
-201102202000101 (base 3) to base 2
-100111011001100110100010
What is -2027993 (base 11) in base 4?
-31222233000
-10000100001111110000011 (base 2) to base 8
-20417603
What is 27a200 (base 16) in base 9?
4787833
Convert 312013231231 (base 4) to base 15.
13a39ed
Convert 86639b (base 16) to base 8.
41461633
What is 485366 (base 13) in base 3?
10020122120122
What is -199cb8 (base 16) in base 10?
-1678520
Convert -1206607 (base 8) to base 10.
-331143
1143412235 (base 6) to base 15
122b9bb
What is 54946 (base 14) in base 13?
72342
What is 135331 (base 6) in base 14?
4995
Convert 26410 (base 7) to base 13.
32a4
Convert 4303334412 (base 5) to base 9.
18012726
What is -112002212101210 (base 3) in base 4?
-130212032112
84068 (base 12) to base 16
2a350
Convert 11130101022 (base 4) to base 13.
3ac3b3
Convert 86822 (base 10) to base 8.
251446
-93181 (base 11) to base 9
-226460
-205a73a (base 11) to base 15
-4baaa2
Convert 47bb93 (base 12) to base 14.
223259
Convert 2794130 (base 12) to base 8.
36124264
-303175 (base 10) to base 6
-10255331
-1ca6c0 (base 14) to base 13
-29c962
11512602 (base 8) to base 3
11202110122102
What is -1011001202111 (base 3) in base 13?
-185410
What is -573651 (base 9) in base 11?
-215409
-e875 (base 15) to base 4
-30000020
What is 4457861 (base 9) in base 15?
326431
708314 (base 9) to base 4
1212121213
Convert -1001001110000110 (base 2) to base 8.
-111606
Convert 60646 (base 8) to base 13.
b4bc
What is 44320143 (base 6) in base 2?
101000101010001111111
101211410 (base 5) to base 2
1100100111010101011
What is -2203300110 (base 4) in base 9?
-1232066
What is 4650 (base 13) in base 7?
40524
-5044442 (base 6) to base 13
-8501c
Convert -2730b98 (base 12) to base 3.
-112122010222222
-1120122202202 (base 3) to base 5
-203332024
-59353 (base 12) to base 7
-1006026
62434541 (base 7) to base 5
2321041013
What is 1102142410 (base 5) in base 4?
21011102310
Convert 1a0806 (base 11) to base 12.
12a5ab
Convert -27a26 (base 11) to base 7.
-224100
Convert -11232021020 (base 4) to base 5.
-340442340
Convert -14378237 (base 10) to base 2.
-110110110110010011111101
111364 (base 9) to base 4
100101100
-10010100100111101 (base 2) to base 14
-1da33
11021110222 (base 3) to base 8
244331
What is -1aa567d (base 14) in base 13?
-29abb40
What is 20213455 (base 8) in base 3?
22000201112121
Convert 1440040 (base 5) to base 7.
155226
-111906 (base 10) to base 6
-2222030
What is -f7a11 (base 16) in base 15?
-1507e4
Convert 1269c6 (base 13) to base 10.
443280
Convert d2b9aa (base 14) to base 6.
412105202
Convert -302865 (base 14) to base 15.
-2202b2
What is -261446 (base 8) in base 2?
-10110001100100110
What is abf31 (base 16) in base 11?
441178
What is -2013220312 (base 4) in base 14?
-10667c
-10110110000000010101 (base 2) to base 13
-201428
What is -19914 (base 11) in base 7?
-143554
-112121122200 (base 3) to base 5
-33201303
What is -545070 (base 8) in base 4?
-230220320
Convert 567466 (base 8) to base 13.
696c1
Convert 5b9b5 (base 14) to base 2.
110110101110111011
What is -121224213 (base 7) in base 15?
-9e7bdc
What is -17817b (base 16) in base 7?
-16044116
21122002122 (base 3) to base 13
53504
What is -23231010 (base 6) in base 14?
-14a2d0
What is 518cb (base 14) in base 9?
328572
What is 232003202 (base 5) in base 12?
4260b2
Convert -109b267 (base 12) to base 14.
-5d138b
Convert -6346333 (base 9) to base 6.
-200445220
4231320 (base 6) to base 10
206400
What is 6615248 (base 9) in base 5?
1402201402
-242182 (base 9) to base 13
-51584
Convert -10002201201122 (base 3) to base 15.
-2284b5
What is 64100 (base 13) in base 3?
100011100122
What is -11010100022 (base 3) in base 2?
-10011110100010010
Convert -20257154 (base 8) to base 14.
-7d732c
What is 11221212011 (base 3) in base 10?
97582
134011 (base 6) to base 8
30367
-100222300 (base 6) to base 14
-322cb2
1000000110111010 (base 2) to base 12
17276
What is 1001100001101110110100 (base 2) in base 12?
a05358
What is 3442032 (base 5) in base 2?
1111001010111110
-314114 (base 5) to base 16
-2926
Convert -22000000100 (base 3) to base 6.
-3213013
-67436 (base 10) to base 5
-4124221
What is -151701 (base 9) in base 8?
-265737
25d81 (base 14) to base 12
45b39
-122011221210101 (base 3) to base 5
-4314211111
Convert -10e135 (base 16) to base 8.
-4160465
Convert -1e1e7 (base 16) to base 5.
-12421432
What is -a35b2 (base 12) in base 11?
-136369
-15034021 (base 6) to base 4
-1332131131
Convert 23002043 (base 5) to base 3.
101100000021
What is -3712341 (base 8) in base 2?
-11111001010011100001
What is 2a5489 (base 11) 